on factor of 63151 and 55.
11
Calculate the greatest common factor of 1386 and 2982.
42
Calculate the greatest common divisor of 522555 and 4620.
165
What is the highest common divisor of 9369 and 7?
1
What is the highest common divisor of 6565 and 130?
65
Calculate the highest common divisor of 384 and 1788864.
192
Calculate the highest common divisor of 6150 and 29010.
30
Calculate the highest common factor of 4011 and 41391.
21
Calculate the greatest common factor of 110377 and 115.
23
What is the greatest common factor of 10303 and 2?
1
Calculate the highest common factor of 3603 and 1.
1
Calculate the greatest common divisor of 16545 and 15.
15
Calculate the greatest common factor of 20886 and 17523.
177
What is the highest common factor of 1437 and 1019312?
479
Calculate the highest common divisor of 759 and 40503.
69
What is the greatest common divisor of 740 and 293336?
148
Calculate the highest common factor of 715 and 20460.
55
Calculate the greatest common divisor of 116111 and 134.
67
Calculate the greatest common factor of 12496 and 1601050.
1562
What is the greatest common factor of 27 and 18433683?
27
What is the greatest common factor of 19844 and 4264?
164
Calculate the greatest common factor of 210168 and 30240.
1512
What is the greatest common divisor of 208102 and 804?
134
Calculate the highest common factor of 48 and 372968.
8
What is the greatest common factor of 4335602 and 596?
298
Calculate the highest common divisor of 2845 and 55.
5
What is the greatest common factor of 4398 and 4488?
6
Calculate the greatest common factor of 60 and 13760.
20
Calculate the greatest common factor of 630 and 17990.
70
Calculate the greatest common factor of 966 and 2137758.
966
What is the highest common factor of 15613 and 13?
13
Calculate the highest common divisor of 860 and 125732.
172
What is the greatest common factor of 134 and 3391339?
67
What is the greatest common factor of 47517 and 6909?
141
Calculate the highest common divisor of 349932 and 660.
132
Calculate the greatest common factor of 10348 and 468.
52
What is the greatest common divisor of 23222 and 7123?
17
What is the greatest common factor of 160 and 1390?
10
What is the greatest common factor of 398222 and 1012?
506
Calculate the highest common factor of 192882 and 204.
102
Calculate the greatest common divisor of 294606 and 36.
18
What is the highest common divisor of 252 and 695184?
84
What is the greatest common factor of 16 and 287888?
16
What is the highest common factor of 120 and 30?
30
What is the highest common factor of 1755 and 724113?
351
Calculate the greatest common divisor of 14465 and 902.
11
Calculate the greatest common factor of 2720 and 177440.
160
Calculate the greatest common factor of 4896 and 99756.
612
What is the highest common factor of 86973 and 107759?
547
Calculate the greatest common divisor of 12264 and 18264.
24
What is the highest common divisor of 4104 and 126768?
456
Calculate the greatest common divisor of 39738 and 48.
6
What is the highest common factor of 162 and 320094?
18
Calculate the greatest common divisor of 687739 and 13.
13
Calculate the greatest common divisor of 656856 and 1080.
216
Calculate the highest common factor of 25322 and 44.
22
What is the greatest common divisor of 20 and 10708?
4
Calculate the greatest common divisor of 3766 and 20356.
14
Calculate the greatest common factor of 2884 and 1545.
103
What is the highest common factor of 1485 and 755865?
1485
What is the greatest common factor of 171 and 2611683?
171
What is the greatest common factor of 16 and 491024?
16
Calculate the highest common factor of 21735 and 1260.
315
What is the highest common divisor of 1485773 and 254?
127
What is the greatest common divisor of 2038080 and 660?
660
What is the highest common divisor of 30943 and 194?
97
Calculate the greatest common factor of 10841 and 6739.
293
Calculate the highest common divisor of 222604 and 2020.
404
Calculate the greatest common factor of 205521 and 3.
3
Calculate the greatest common factor of 24 and 61356.
12
Calculate the highest common divisor of 3220880 and 380.
380
Calculate the highest common factor of 3246 and 4.
2
What is the greatest common divisor of 159 and 910858?
53
What is the greatest common factor of 4332 and 1995?
57
Calculate the highest common divisor of 312 and 82524.
156
What is the greatest common factor of 20596 and 109484?
1084
What is the highest common divisor of 230 and 285880?
10
What is the highest common divisor of 7040 and 60445?
55
What is the greatest common divisor of 282 and 93718?
94
Calculate the greatest common factor of 4430 and 8417.
443
Calculate the greatest common factor of 113 and 16.
1
Calculate the highest common factor of 470 and 56930.
10
What is the greatest common factor of 751684 and 8?
4
What is the greatest common divisor of 220 and 3448?
4
What is the greatest common factor of 6441 and 5763?
339
What is the highest common divisor of 134464 and 99?
11
What is the greatest common factor of 23373 and 245?
49
What is the greatest common factor of 113611 and 17?
17
Calculate the highest common divisor of 276 and 113298.
138
What is the greatest common divisor of 3525 and 21075?
75
Calculate the highest common factor of 1278409 and 253.
253
What is the highest common factor of 320 and 131440?
80
Calculate the highest common factor of 32451 and 174.
87
What is the highest common divisor of 160 and 25768?
8
What is the highest common factor of 34389 and 9?
9
Calculate the highest common divisor of 932717 and 229.
229
What is the greatest common factor of 16419 and 429?
39
Calculate the greatest common factor of 24680 and 40.
40
What is the greatest common divisor of 512773 and 181?
181
What is the highest common divisor of 338998 and 76?
38
What is the greatest common factor of 4536 and 896?
56
Calculate the greatest common factor of 223295 and 1.
1
Calculate the highest common divisor of 4591 and 7.
1
What is the greatest common divisor of 554 and 3926475?
277
What is the greatest common divisor of 21605 and 580?
145
Calculate the highest common divisor of 135 and 240057.
27
Calculate the greatest common divisor of 2997 and 5106.
111
What is the highest common factor of 2668 and 284548?
116
Calculate the greatest common factor of 447950 and 450.
50
Calculate the highest common factor of 40 and 61210.
10
Calculate the greatest common factor of 45 and 745083.
9
What is the highest common divisor of 269544 and 44?
44
What is the highest common factor of 28858 and 12596?
94
Calculate the highest common divisor of 442 and 2262.
26
Calculate the greatest common factor of 3710000 and 224.
112
What is the greatest common divisor of 3097 and 50693?
163
Calculate the greatest common divisor of 14875 and 8449.
119
Calculate the highest common divisor of 840588 and 63.
21
What is the greatest common factor of 225997 and 29?
29
What is the highest common factor of 2195 and 7405?
5
Calculate the highest common factor of 2091 and 12444.
51
Calculate the greatest common factor of 775 and 60264.
31
What is the highest common factor of 13685 and 7055?
85
Calculate the highest common divisor of 5094 and 1138226.
566
Calculate the highest common factor of 199045 and 94.
47
Calculate the highest common divisor of 198559 and 194.
97
Calculate the highest common divisor of 1573 and 208.
13
What is the highest common divisor of 117 and 29277?
9
What is the greatest common divisor of 113 and 257753?
113
What is the highest common divisor of 90 and 46280?
10
Calculate the highest common factor of 106 and 82.
2
Calculate the greatest common factor of 5467 and 22253.
77
Calculate the highest common divisor of 573655 and 155.
155
What is the greatest common factor of 163 and 2003107?
163
Calculate the greatest common divisor of 268393 and 622.
311
Calculate the greatest common factor of 58 and 55854.
58
What is the highest common divisor of 616 and 15896?
8
Calculate the highest common factor of 14 and 38689.
7
What is the greatest common factor of 588 and 9828?
84
Calculate the greatest common factor of 17056 and 216.
8
Calculate the greatest common factor of 253640 and 80.
40
What is the greatest common divisor of 4623 and 5829?
201
Calculate the highest common f